{"id":1256,"date":"2024-02-06T17:08:53","date_gmt":"2024-02-06T20:08:53","guid":{"rendered":"https:\/\/www.clubeportuguesdeniteroi.com.br\/?page_id=1256"},"modified":"2025-03-09T20:14:10","modified_gmt":"2025-03-09T23:14:10","slug":"futsal","status":"publish","type":"page","link":"http:\/\/www.clubeportuguesdeniteroi.com.br\/?page_id=1256","title":{"rendered":"Futsal"},"content":{"rendered":"\n<p style=\"font-size:25px\">Bem-vindo \u00e0 Escola de Futsal do Clube Portugu\u00eas de Niter\u00f3i!<\/p>\n\n\n\n<p style=\"font-size:25px\">Nossa escola de futsal \u00e9 um ambiente vibrante e emocionante, projetado para crian\u00e7as e adolescentes que desejam explorar sua paix\u00e3o pelo esporte, desenvolver suas habilidades e se divertir em um ambiente seguro e acolhedor.<\/p>\n\n\n\n<figure class=\"wp-block-image size-large\"><img loading=\"lazy\" decoding=\"async\" width=\"810\" height=\"1024\" src=\"https:\/\/www.clubeportuguesdeniteroi.com.br\/wp-content\/uploads\/2025\/03\/1-810x1024.png\" alt=\"\" class=\"wp-image-3133\" srcset=\"http:\/\/www.clubeportuguesdeniteroi.com.br\/wp-content\/uploads\/2025\/03\/1-810x1024.png 810w, http:\/\/www.clubeportuguesdeniteroi.com.br\/wp-content\/uploads\/2025\/03\/1-237x300.png 237w, http:\/\/www.clubeportuguesdeniteroi.com.br\/wp-content\/uploads\/2025\/03\/1-768x971.png 768w, http:\/\/www.clubeportuguesdeniteroi.com.br\/wp-content\/uploads\/2025\/03\/1-1214x1536.png 1214w, http:\/\/www.clubeportuguesdeniteroi.com.br\/wp-content\/uploads\/2025\/03\/1-1619x2048.png 1619w\" sizes=\"auto, (max-width: 810px) 100vw, 810px\" \/><\/figure>\n\n\n\n<p style=\"font-size:25px\">Oferecemos programas abrangentes que visam n\u00e3o apenas melhorar as habilidades t\u00e9cnicas e t\u00e1ticas dos nossos alunos, mas tamb\u00e9m promover valores como trabalho em equipe, disciplina e respeito.<\/p>\n\n\n\n<figure class=\"wp-block-image size-large\"><img loading=\"lazy\" decoding=\"async\" width=\"1024\" height=\"768\" src=\"https:\/\/www.clubeportuguesdeniteroi.com.br\/wp-content\/uploads\/2024\/02\/431523aa-6a10-48a5-b2ee-35966fbfb2df-1024x768.jpg\" alt=\"\" class=\"wp-image-1257\" srcset=\"http:\/\/www.clubeportuguesdeniteroi.com.br\/wp-content\/uploads\/2024\/02\/431523aa-6a10-48a5-b2ee-35966fbfb2df-1024x768.jpg 1024w, http:\/\/www.clubeportuguesdeniteroi.com.br\/wp-content\/uploads\/2024\/02\/431523aa-6a10-48a5-b2ee-35966fbfb2df-300x225.jpg 300w, http:\/\/www.clubeportuguesdeniteroi.com.br\/wp-content\/uploads\/2024\/02\/431523aa-6a10-48a5-b2ee-35966fbfb2df-768x576.jpg 768w, http:\/\/www.clubeportuguesdeniteroi.com.br\/wp-content\/uploads\/2024\/02\/431523aa-6a10-48a5-b2ee-35966fbfb2df.jpg 1280w\" sizes=\"auto, (max-width: 1024px) 100vw, 1024px\" \/><\/figure>\n\n\n\n<p style=\"font-size:25px\">Na Escola de Futsal do Clube Portugu\u00eas de Niter\u00f3i, acreditamos que cada crian\u00e7a tem o potencial de se tornar um jogador habilidoso e bem-sucedido, independentemente do seu n\u00edvel de experi\u00eancia. Desde iniciantes at\u00e9 jogadores mais avan\u00e7ados, nossos programas s\u00e3o adaptados para atender \u00e0s necessidades de cada aluno, proporcionando um ambiente de aprendizado positivo e motivador.<\/p>\n\n\n\n<p style=\"font-size:25px\">Al\u00e9m disso, valorizamos a import\u00e2ncia do equil\u00edbrio entre o esporte e os estudos. Por isso, incentivamos nossos alunos a manterem um bom desempenho acad\u00eamico, ajudando-os a gerenciar seu tempo de forma eficaz e a cultivar h\u00e1bitos de estudo saud\u00e1veis.<\/p>\n\n\n\n<p style=\"font-size:25px\">Venha se juntar a n\u00f3s na Escola de Futsal do Clube Portugu\u00eas de Niter\u00f3i e fa\u00e7a parte de uma comunidade apaixonada pelo futebol, onde cada jogador \u00e9 encorajado a alcan\u00e7ar seu m\u00e1ximo potencial, dentro e fora de campo.<\/p>\n\n\n\n<p style=\"font-size:25px\">Entre em contato conosco hoje mesmo para saber mais sobre nossos programas, hor\u00e1rios e inscri\u00e7\u00f5es. Estamos ansiosos para receber voc\u00ea em nossa fam\u00edlia futsal\u00edstica!<\/p>\n\n\n\n<p style=\"font-size:25px\"><strong><em>Professor Rosemberg<\/em><\/strong><br>Coordenador da Escola de Futsal<br><strong>(21) 99963-4508<\/strong><\/p>\n","protected":false},"excerpt":{"rendered":"<p>Bem-vindo \u00e0 Escola de Futsal do Clube Portugu\u00eas de Niter\u00f3i! Nossa escola de futsal \u00e9 um ambiente vibrante e emocionante, projetado para crian\u00e7as e adolescentes que desejam explorar sua paix\u00e3o pelo esporte, desenvolver suas habilidades e se divertir em um ambiente seguro e acolhedor. Oferecemos programas abrangentes que visam n\u00e3o apenas melhorar as habilidades t\u00e9cnicas [&hellip;]<\/p>\n","protected":false},"author":1,"featured_media":0,"parent":0,"menu_order":0,"comment_status":"closed","ping_status":"closed","template":"","meta":{"footnotes":""},"class_list":["post-1256","page","type-page","status-publish","hentry"],"_links":{"self":[{"href":"http:\/\/www.clubeportuguesdeniteroi.com.br\/index.php?rest_route=\/wp\/v2\/pages\/1256","targetHints":{"allow":["GET"]}}],"collection":[{"href":"http:\/\/www.clubeportuguesdeniteroi.com.br\/index.php?rest_route=\/wp\/v2\/pages"}],"about":[{"href":"http:\/\/www.clubeportuguesdeniteroi.com.br\/index.php?rest_route=\/wp\/v2\/types\/page"}],"author":[{"embeddable":true,"href":"http:\/\/www.clubeportuguesdeniteroi.com.br\/index.php?rest_route=\/wp\/v2\/users\/1"}],"replies":[{"embeddable":true,"href":"http:\/\/www.clubeportuguesdeniteroi.com.br\/index.php?rest_route=%2Fwp%2Fv2%2Fcomments&post=1256"}],"version-history":[{"count":3,"href":"http:\/\/www.clubeportuguesdeniteroi.com.br\/index.php?rest_route=\/wp\/v2\/pages\/1256\/revisions"}],"predecessor-version":[{"id":3138,"href":"http:\/\/www.clubeportuguesdeniteroi.com.br\/index.php?rest_route=\/wp\/v2\/pages\/1256\/revisions\/3138"}],"wp:attachment":[{"href":"http:\/\/www.clubeportuguesdeniteroi.com.br\/index.php?rest_route=%2Fwp%2Fv2%2Fmedia&parent=1256"}],"curies":[{"name":"wp","href":"https:\/\/api.w.org\/{rel}","templated":true}]}}