{"id":169,"date":"2024-01-31T11:01:50","date_gmt":"2024-01-31T14:01:50","guid":{"rendered":"http:\/\/www.clubeportuguesdeniteroi.com.br\/?page_id=169"},"modified":"2024-02-06T09:56:31","modified_gmt":"2024-02-06T12:56:31","slug":"ouvidoria","status":"publish","type":"page","link":"http:\/\/www.clubeportuguesdeniteroi.com.br\/?page_id=169","title":{"rendered":"Ouvidoria"},"content":{"rendered":"\n<p style=\"font-size:25px\">Nossa Diretoria continua trabalhando por voc\u00ea associado do Clube Portugu\u00eas de Niter\u00f3i e disponibiliza nosso canal de ouvidoria atrav\u00e9s do telefone: (21) 2717-4225.<\/p>\n\n\n\n<p style=\"font-size:25px\">Neste canal voc\u00ea poder\u00e1 registrar suas sugest\u00f5es, d\u00favidas ou reclama\u00e7\u00f5es e acompanhar o andamento delas atrav\u00e9s de um n\u00famero de registro que lhe ser\u00e1 fornecido no momento da liga\u00e7\u00e3o. Queremos ouvir o que voc\u00ea tem a dizer.<\/p>\n\n\n\n<p style=\"font-size:25px\">Neste processo de ouvidoria a identifica\u00e7\u00e3o do autor n\u00e3o precisa ser revelada.<\/p>\n\n\n\n<p style=\"font-size:25px\">Telefone da ouvidoria:<\/p>\n\n\n\n<div class=\"wp-block-columns is-layout-flex wp-container-core-columns-is-layout-9d6595d7 wp-block-columns-is-layout-flex\">\n<div class=\"wp-block-column has-very-light-gray-to-cyan-bluish-gray-gradient-background has-background is-layout-flow wp-block-column-is-layout-flow\">\n<p class=\"has-text-align-center\" style=\"font-size:25px\"><strong>(21) 2717-4225<\/strong><\/p>\n<\/div>\n<\/div>\n","protected":false},"excerpt":{"rendered":"<p>Nossa Diretoria continua trabalhando por voc\u00ea associado do Clube Portugu\u00eas de Niter\u00f3i e disponibiliza nosso canal de ouvidoria atrav\u00e9s do telefone: (21) 2717-4225. Neste canal voc\u00ea poder\u00e1 registrar suas sugest\u00f5es, d\u00favidas ou reclama\u00e7\u00f5es e acompanhar o andamento delas atrav\u00e9s de um n\u00famero de registro que lhe ser\u00e1 fornecido no momento da liga\u00e7\u00e3o. Queremos ouvir o [&hellip;]<\/p>\n","protected":false},"author":1,"featured_media":0,"parent":0,"menu_order":0,"comment_status":"closed","ping_status":"closed","template":"","meta":{"footnotes":""},"class_list":["post-169","page","type-page","status-publish","hentry"],"_links":{"self":[{"href":"http:\/\/www.clubeportuguesdeniteroi.com.br\/index.php?rest_route=\/wp\/v2\/pages\/169","targetHints":{"allow":["GET"]}}],"collection":[{"href":"http:\/\/www.clubeportuguesdeniteroi.com.br\/index.php?rest_route=\/wp\/v2\/pages"}],"about":[{"href":"http:\/\/www.clubeportuguesdeniteroi.com.br\/index.php?rest_route=\/wp\/v2\/types\/page"}],"author":[{"embeddable":true,"href":"http:\/\/www.clubeportuguesdeniteroi.com.br\/index.php?rest_route=\/wp\/v2\/users\/1"}],"replies":[{"embeddable":true,"href":"http:\/\/www.clubeportuguesdeniteroi.com.br\/index.php?rest_route=%2Fwp%2Fv2%2Fcomments&post=169"}],"version-history":[{"count":7,"href":"http:\/\/www.clubeportuguesdeniteroi.com.br\/index.php?rest_route=\/wp\/v2\/pages\/169\/revisions"}],"predecessor-version":[{"id":1223,"href":"http:\/\/www.clubeportuguesdeniteroi.com.br\/index.php?rest_route=\/wp\/v2\/pages\/169\/revisions\/1223"}],"wp:attachment":[{"href":"http:\/\/www.clubeportuguesdeniteroi.com.br\/index.php?rest_route=%2Fwp%2Fv2%2Fmedia&parent=169"}],"curies":[{"name":"wp","href":"https:\/\/api.w.org\/{rel}","templated":true}]}}