{"id":438,"date":"2024-01-31T15:57:40","date_gmt":"2024-01-31T18:57:40","guid":{"rendered":"http:\/\/www.clubeportuguesdeniteroi.com.br\/?page_id=438"},"modified":"2024-07-17T08:16:54","modified_gmt":"2024-07-17T11:16:54","slug":"futebol-society","status":"publish","type":"page","link":"http:\/\/www.clubeportuguesdeniteroi.com.br\/?page_id=438","title":{"rendered":"Quadra de Futebol"},"content":{"rendered":"\n<p style=\"font-size:21px\"><strong>Bem-vindo \u00e0 nossa quadra de futebol society do Clube Portugu\u00eas de Niter\u00f3i<\/strong><\/p>\n\n\n\n<p style=\"font-size:21px\">Nossa quadra \u00e9 o lugar perfeito para os amantes do futebol se reunirem, competirem e celebrarem a paix\u00e3o pelo esporte mais popular do mundo. Com uma infraestrutura moderna e um ambiente acolhedor, oferecemos uma experi\u00eancia \u00fanica para jogadores de todas as idades e habilidades.<\/p>\n\n\n\n<figure class=\"wp-block-gallery has-nested-images columns-default is-cropped wp-block-gallery-1 is-layout-flex wp-block-gallery-is-layout-flex\">\n<figure class=\"wp-block-image size-large\"><img loading=\"lazy\" decoding=\"async\" width=\"1024\" height=\"680\" data-id=\"2662\" src=\"https:\/\/www.clubeportuguesdeniteroi.com.br\/wp-content\/uploads\/2024\/07\/DSC0335-1024x680.jpg\" alt=\"\" class=\"wp-image-2662\" srcset=\"http:\/\/www.clubeportuguesdeniteroi.com.br\/wp-content\/uploads\/2024\/07\/DSC0335-1024x680.jpg 1024w, http:\/\/www.clubeportuguesdeniteroi.com.br\/wp-content\/uploads\/2024\/07\/DSC0335-300x199.jpg 300w, http:\/\/www.clubeportuguesdeniteroi.com.br\/wp-content\/uploads\/2024\/07\/DSC0335-768x510.jpg 768w, http:\/\/www.clubeportuguesdeniteroi.com.br\/wp-content\/uploads\/2024\/07\/DSC0335-1536x1020.jpg 1536w, http:\/\/www.clubeportuguesdeniteroi.com.br\/wp-content\/uploads\/2024\/07\/DSC0335-2048x1360.jpg 2048w\" sizes=\"auto, (max-width: 1024px) 100vw, 1024px\" \/><figcaption class=\"wp-element-caption\">Futebol no Clube Portugu\u00eas de Niter\u00f3i<\/figcaption><\/figure>\n\n\n\n<figure class=\"wp-block-image size-large\"><img loading=\"lazy\" decoding=\"async\" width=\"1024\" height=\"680\" data-id=\"2663\" src=\"https:\/\/www.clubeportuguesdeniteroi.com.br\/wp-content\/uploads\/2024\/07\/DSC0340-1024x680.jpg\" alt=\"\" class=\"wp-image-2663\" srcset=\"http:\/\/www.clubeportuguesdeniteroi.com.br\/wp-content\/uploads\/2024\/07\/DSC0340-1024x680.jpg 1024w, http:\/\/www.clubeportuguesdeniteroi.com.br\/wp-content\/uploads\/2024\/07\/DSC0340-300x199.jpg 300w, http:\/\/www.clubeportuguesdeniteroi.com.br\/wp-content\/uploads\/2024\/07\/DSC0340-768x510.jpg 768w, http:\/\/www.clubeportuguesdeniteroi.com.br\/wp-content\/uploads\/2024\/07\/DSC0340-1536x1020.jpg 1536w, http:\/\/www.clubeportuguesdeniteroi.com.br\/wp-content\/uploads\/2024\/07\/DSC0340-2048x1360.jpg 2048w\" sizes=\"auto, (max-width: 1024px) 100vw, 1024px\" \/><figcaption class=\"wp-element-caption\">Futebol no Clube Portugu\u00eas de Niter\u00f3i<\/figcaption><\/figure>\n\n\n\n<figure class=\"wp-block-image size-large\"><img loading=\"lazy\" decoding=\"async\" width=\"1024\" height=\"680\" data-id=\"2665\" src=\"https:\/\/www.clubeportuguesdeniteroi.com.br\/wp-content\/uploads\/2024\/07\/DSC0341-1024x680.jpg\" alt=\"\" class=\"wp-image-2665\" srcset=\"http:\/\/www.clubeportuguesdeniteroi.com.br\/wp-content\/uploads\/2024\/07\/DSC0341-1024x680.jpg 1024w, http:\/\/www.clubeportuguesdeniteroi.com.br\/wp-content\/uploads\/2024\/07\/DSC0341-300x199.jpg 300w, http:\/\/www.clubeportuguesdeniteroi.com.br\/wp-content\/uploads\/2024\/07\/DSC0341-768x510.jpg 768w, http:\/\/www.clubeportuguesdeniteroi.com.br\/wp-content\/uploads\/2024\/07\/DSC0341-1536x1020.jpg 1536w, http:\/\/www.clubeportuguesdeniteroi.com.br\/wp-content\/uploads\/2024\/07\/DSC0341-2048x1360.jpg 2048w\" sizes=\"auto, (max-width: 1024px) 100vw, 1024px\" \/><figcaption class=\"wp-element-caption\">Futebol no Clube Portugu\u00eas de Niter\u00f3i<\/figcaption><\/figure>\n\n\n\n<figure class=\"wp-block-image size-large\"><img loading=\"lazy\" decoding=\"async\" width=\"1024\" height=\"680\" data-id=\"2666\" src=\"https:\/\/www.clubeportuguesdeniteroi.com.br\/wp-content\/uploads\/2024\/07\/DSC0356-1024x680.jpg\" alt=\"\" class=\"wp-image-2666\" srcset=\"http:\/\/www.clubeportuguesdeniteroi.com.br\/wp-content\/uploads\/2024\/07\/DSC0356-1024x680.jpg 1024w, http:\/\/www.clubeportuguesdeniteroi.com.br\/wp-content\/uploads\/2024\/07\/DSC0356-300x199.jpg 300w, http:\/\/www.clubeportuguesdeniteroi.com.br\/wp-content\/uploads\/2024\/07\/DSC0356-768x510.jpg 768w, http:\/\/www.clubeportuguesdeniteroi.com.br\/wp-content\/uploads\/2024\/07\/DSC0356-1536x1020.jpg 1536w, http:\/\/www.clubeportuguesdeniteroi.com.br\/wp-content\/uploads\/2024\/07\/DSC0356-2048x1360.jpg 2048w\" sizes=\"auto, (max-width: 1024px) 100vw, 1024px\" \/><figcaption class=\"wp-element-caption\">Futebol no Clube Portugu\u00eas de Niter\u00f3i<\/figcaption><\/figure>\n\n\n\n<figure class=\"wp-block-image size-large\"><img loading=\"lazy\" decoding=\"async\" width=\"1024\" height=\"680\" data-id=\"2667\" src=\"https:\/\/www.clubeportuguesdeniteroi.com.br\/wp-content\/uploads\/2024\/07\/DSC0360-1024x680.jpg\" alt=\"\" class=\"wp-image-2667\" srcset=\"http:\/\/www.clubeportuguesdeniteroi.com.br\/wp-content\/uploads\/2024\/07\/DSC0360-1024x680.jpg 1024w, http:\/\/www.clubeportuguesdeniteroi.com.br\/wp-content\/uploads\/2024\/07\/DSC0360-300x199.jpg 300w, http:\/\/www.clubeportuguesdeniteroi.com.br\/wp-content\/uploads\/2024\/07\/DSC0360-768x510.jpg 768w, http:\/\/www.clubeportuguesdeniteroi.com.br\/wp-content\/uploads\/2024\/07\/DSC0360-1536x1020.jpg 1536w, http:\/\/www.clubeportuguesdeniteroi.com.br\/wp-content\/uploads\/2024\/07\/DSC0360-2048x1360.jpg 2048w\" sizes=\"auto, (max-width: 1024px) 100vw, 1024px\" \/><figcaption class=\"wp-element-caption\">Futebol no Clube Portugu\u00eas de Niter\u00f3i<\/figcaption><\/figure>\n<\/figure>\n\n\n\n<p style=\"font-size:21px\">Nossa quadra \u00e9 equipada com grama sint\u00e9tica de alta qualidade, proporcionando uma superf\u00edcie de jogo consistente e segura durante todo o ano. Seja para um jogo casual com amigos, treinamentos intensivos ou torneios emocionantes, estamos aqui para atender \u00e0s suas necessidades futebol\u00edsticas.<\/p>\n\n\n\n<p style=\"font-size:21px\">Al\u00e9m disso, priorizamos a seguran\u00e7a e o fair play em todas as nossas atividades. Nossa equipe dedicada est\u00e1 sempre presente para garantir que todos os jogadores desfrutem de uma experi\u00eancia positiva e livre de les\u00f5es.<\/p>\n\n\n\n<p style=\"font-size:21px\">Junte-se a n\u00f3s na quadra e fa\u00e7a parte da comunidade apaixonada pelo futebol do nosso clube.<\/p>\n","protected":false},"excerpt":{"rendered":"<p>Bem-vindo \u00e0 nossa quadra de futebol society do Clube Portugu\u00eas de Niter\u00f3i Nossa quadra \u00e9 o lugar perfeito para os amantes do futebol se reunirem, competirem e celebrarem a paix\u00e3o pelo esporte mais popular do mundo. Com uma infraestrutura moderna e um ambiente acolhedor, oferecemos uma experi\u00eancia \u00fanica para jogadores de todas as idades e [&hellip;]<\/p>\n","protected":false},"author":1,"featured_media":0,"parent":0,"menu_order":0,"comment_status":"closed","ping_status":"closed","template":"","meta":{"footnotes":""},"class_list":["post-438","page","type-page","status-publish","hentry"],"_links":{"self":[{"href":"http:\/\/www.clubeportuguesdeniteroi.com.br\/index.php?rest_route=\/wp\/v2\/pages\/438","targetHints":{"allow":["GET"]}}],"collection":[{"href":"http:\/\/www.clubeportuguesdeniteroi.com.br\/index.php?rest_route=\/wp\/v2\/pages"}],"about":[{"href":"http:\/\/www.clubeportuguesdeniteroi.com.br\/index.php?rest_route=\/wp\/v2\/types\/page"}],"author":[{"embeddable":true,"href":"http:\/\/www.clubeportuguesdeniteroi.com.br\/index.php?rest_route=\/wp\/v2\/users\/1"}],"replies":[{"embeddable":true,"href":"http:\/\/www.clubeportuguesdeniteroi.com.br\/index.php?rest_route=%2Fwp%2Fv2%2Fcomments&post=438"}],"version-history":[{"count":5,"href":"http:\/\/www.clubeportuguesdeniteroi.com.br\/index.php?rest_route=\/wp\/v2\/pages\/438\/revisions"}],"predecessor-version":[{"id":2670,"href":"http:\/\/www.clubeportuguesdeniteroi.com.br\/index.php?rest_route=\/wp\/v2\/pages\/438\/revisions\/2670"}],"wp:attachment":[{"href":"http:\/\/www.clubeportuguesdeniteroi.com.br\/index.php?rest_route=%2Fwp%2Fv2%2Fmedia&parent=438"}],"curies":[{"name":"wp","href":"https:\/\/api.w.org\/{rel}","templated":true}]}}